6
What is the value of 4 + (2 - 3) + -6?
-3
Calculate -1 - (-6 + 2) - -3 - 1.
5
(-2 - 1) + 3 - (-2 + 0)
2
What is (5 - 6) + -3 + (2 - 2)?
-4
What is the value of 4 + -10 + 13 + -1?
6
Calculate -3 - -3 - (-5 - 0).
5
What is the value of -1 - ((1 - 0) + (3 - 5))?
0
Evaluate 4 + 1 + -1 + 1 + 6.
11
Calculate 5 + 2 + (-6 - 2).
-1
Evaluate 1 + -1 - (-79 - -76).
3
-6 + (15 - 5 - 5) + 8
7
Calculate -2 - ((-5 - -2) + (5 - 8)).
4
Evaluate -11 + 24 - 3 - 14.
-4
Evaluate (2 - 1 - (6 - 1)) + 0.
-4
Evaluate 9 - (2 + -3 - -2).
8
-7 + 12 - (6 + -3)
2
What is the value of (10 - 15) + -4 + 3 + 3?
-3
Calculate ((-3 - -4) + -3 - 4) + 1.
-5
Calculate (2 - (-2 + -2)) + -3.
3
(2 - (3 - (4 + 0))) + -6
-3
Calculate -1 + -2 + (-22 - -30).
5
What is the value of (-1 - -9) + -3 + -12?
-7
(0 - 1) + -7 + (4 - 3)
-7
18 + -6 + -8 - 7
-3
What is the value of 5 + -2 + 5 - 5?
3
Calculate -11 + 12 + 8 + -3.
6
Evaluate -9 + (8 - 17 - -16).
-2
What is the value of 12 - 7 - (2 + 2)?
1
What is 1 + (-1 - 4) + 4 + 0?
0
Calculate (6 - 3) + (-1 - -6 - 3).
5
What is 0 + -4 + (7 - 0 - 3)?
0
Evaluate 0 + (-9 - (-3 - 1)).
-5
Calculate -1 - (-2 + -4 + 0).
5
What is the value of (2 + (-6 - 1) - -4) + 1?
0
What is -7 + 7 - (7 + -3)?
-4
-1 + 2 - 3 - (4 + -6)
0
What is the value of 1 + -13 + (59 - 48)?
-1
What is the value of -3 + -2 - 0 - (-2 + 1)?
-4
What is 0 + 1 - (-73 + 68)?
6
(4 - 3) + -4 - (-4 + 0)
1
What is the value of -5 + 5 + -5 + -1 + 2?
-4
(-5 - (5 - 2)) + 3
-5
What is the value of 0 - (6 + 5 + -6)?
-5
What is (0 - -4) + (109 - 113)?
0
Calculate -15 - (-3 - 15) - (3 - 0).
0
3 + -6 + 2 - 3
-4
(-2 - (-1 + -9)) + (1 - 6)
3
(0 + 8 - 5) + (-1 - 5)
-3
What is 6 - (3 - (-5 + 9))?
7
What is 4 + (10 - 8) + -7?
-1
What is the value of 3 - -4 - 3 - 4?
0
Calculate 0 + (-2 - 0) + -3.
-5
What is (-5 - (5 + 1 - 14)) + -4?
-1
Calculate -6 + 11 + 2 - 2.
5
What is the value of 2 + -1 + 0 - (57 - 58)?
2
-4 + 7 - (-2 - -3) - -3
5
What is the value of 11 - 4 - 8 - (3 - 8)?
4
What is the value of 2 - (3 + 2) - -4?
1
-6 + -6 - (13 - 19)
-6
What is -9 + 12 + -8 - -12?
7
-5 - ((-4 - -5) + (1 - 1))
-6
Evaluate -6 + 0 + 6 - -6 - -3.
9
What is the value of 1 + -3 + 2 + 1?
1
Calculate -3 - -2 - (4 + -5).
0
What is 7 + (3 - 1) + -5 + -1?
3
What is 3 + (2 + -1 - 1) + -1?
2
What is the value of (-13 - 1) + (-2 + 6 - -3)?
-7
Evaluate 6 - (-2 - (3 - 7)) - -2.
6
Calculate 1 - (5 - ((-2 - -3) + 4)).
1
Evaluate -3 + 6 + -6 - 3.
-6
Evaluate -14 + (30 - 13) - (-1 + 7).
-3
5 + -10 + (-10 + 5 - -9)
-1
8 - (10 - -8) - -5
-5
-6 + 3 + -2 + 1
-4
What is -1 - -8 - (1 - -6)?
0
Calculate -12 - ((13 - (-1 - -6)) + -9).
-11
Calculate (1 - 9 - (0 - 15)) + 1.
8
What is -1 + 2 + -7 + 1 + 3?
-2
(-22 + 11 - -5) + 11
5
What is the value of 4 + (-3 - (0 + -1 + -3))?
5
What is the value of 1 + -1 + 0 + -33 + 37?
4
What is -10 + (0 - -4) - (-2 + 1)?
-5
Calculate -9 - ((5 - 7) + 0).
-7
7 + (-42 - -42 - (6 + -1))
2
What is the value of -5 + (2 - -4) + -3 + -5?
-7
What is the value of (3 - (3 - 6)) + -10?
-4
What is 3 - (-1 - (0 - (8 + -4)))?
0
Evaluate 1 + 3 + 1 + (4 - 5).
4
-11 + (11 - 7) - -6
-1
Calculate (-5 - -2) + 4 + -2 + 2.
1
Calculate 10 + (-9 - (8 - 1)).
-6
Calculate -8 + 12 - 1 - (5 + 1).
-3
Evaluate 2 + (11 - (2 + 5)).
6
What is (-4 - -4 - 0) + -13 + 9?
-4
13 + -4 + -2 + -3
4
Calculate (-1 - 1) + (36 - 35).
-1
1 - 6 - (1 + -5 + 5)
-6
Evaluate 1 + -1 - 4 - (0 - 6).
2
Evaluate 4 + (8 + -8 - 0).
4
-70 + 83 - (12 - -1)
0
11 + (-12 - -7) + -14 + 2
-6
Calculate -1 + 0 + 4 + (0 - 2).
1
Evaluate 4 - (1 + (1 - 1)).
3
Evaluate 8 + 5 + -7 + -1.
5
What is the value of -8 + (-3 - -6 - 1) - -1?
-5
What is the value of (5 - 12) + 2 + 0?
-5
What is -5 + 17 + (-6 - 2) + 2?
6
Evaluate 1 + 5 + (3 - 4).
5
What is (5 - (-6 + 9)) + 4 + -1?
5
Evaluate 1 - (-3 + 0 - 2).
6
Calculate (9 - 3) + -6 + 4.
4
Calculate 29 + -33 - (-2 + -1 + -2).
1
1 + 2 + 5 + -10
-2
What is -18 - -16 - (5 - 7)?
0
Evaluate (-1 + 6 - 0) + -9.
-4
What is (1 - -3) + 12 + -18?
-2
What is the value of 3 - (6 + -5 + (3 - -2))?
-3
What is 12 + -4 + (-8 - -1)?
1
Evaluate (-13 - (1 + -9)) + 1.
-4
What is (-4 - (0 + -7)) + -4?
-1
What is the value of -11 - 1 - (-1 - 10)?
-1
Calculate -4 + 0 + 8 + 1.
5
-16 + 17 - (-1 - -3)
-1
What is 7 + -5 + -5 + 12?
9
Evaluate (2 - (-1 - -6)) + (21 - 23).
-5
Calculate (6 - (-2 + 11)) + 10.
7
-4 + (-2 - (1 + -5))
-2
(3 - 5) + 3 + 1
2
7 - 1 - (4 + 0)
2
Calculate -1 + -4 - 4 - (-9 - -6).
-6
Calculate -1 - (2 + 4) - -13.
6
-3 - (-2 - 0 - (0 + -1))
-2
Evaluate 0 + (-4 - -1) - (-6 + 4).
-1
What is the value of 1 + -5 - (-25 - -23) - -7?
5
What is 12 - 12 - (6 - 10)?
4
What is the value of (-10 - (-11 + 6)) + 3?
-2
-3 - (-11 - (5 - (-5 + 12)))
6
What is the value of -2 + 2 + -10 - (-16 + 11)?
-5
Calculate -1 - (-1 + -3 + 3).
0
What is -5 - 1 - (-42 - (-26 + -1))?
9
What is the value of (4 + -1 - -2) + 4 + -6?
3
What is -6 + (0 - 2) + (87 - 80)?
-1
What is the value of 0 + (0 + 0 - 6)?
-6
Calculate (-16 - (8 - 23)) + (-1 - 1).
-3
Calculate -87 - -82 - ((-2 - -4) + 1).
-8
What is the value of 14 + -12 + 1 + -3?
0
Evaluate (-2 - (0 - 4 - -3)) + 0.
-1
Calculate -4 - ((7 - 12) + 0).
1
What is the value of 1 - (20 + -19 + (3 - 7))?
4
Evaluate -8 - (-4 + (-1 - 6)).
3
Calculate -7 - (0 + 7 - (-1 + 10)).
-5
What is 3 + 12 - 9 - 0?
6
-5 - -4 - (-2 - -4)
-3
What is (1 - 2 - -5) + 1?
5
What is the value of -1 + (2 - 1 - (6 + -4))?
-2
What is the value of (-1 - -1) + -1 + 7 + 0?
6
Calculate 0 - -3 - 11 - -8.
0
What is 49 - 57 - (1 - 10)?
1
-30 - -6 - -12 - -5
-7
Evaluate -7 + 5 + (2 - (1 + 3)).
-4
3 + -1 + (-7 - -10)
5
Evaluate 14 + -3 + 0 + -8.
3
Calculate 287 + -280 - (0 - -5 - 0).
2
What is -1 + (6 + -2 - 3) - -4?
4
Evaluate (-2 + 0 - (5 - 2)) + 1.
-4
What is 1 + 3 - (-25 - -35) - -1?
-5
Evaluate 4 - (3 + (-4 - -2)) - 7.
-4
What is -4 - (-2 - (-1 + -2))?
-5
Calculate -6 - (-7 + (-4 - -11)).
-6
(19 - 17) + (1 - 2)
1
What is the value of 1 - (5 + -4) - -1?
1
Calculate 24 - 22 - (5 - (2 + -2)).
-3
Calculate 88 + -82 + -3 + -1.
2
What is -4 - (0 - (14 - 6))?
4
What is 3 + -7 - (19 + -12)?
-11
What is 0 + 1 + -7 + 3 + 3?
0
What is -1 + 9 + (5 - 10) + 4?
7
What is 12 - (-1 + 13) - 0?
0
Calculate (-2 - 0) + 2 + 3 + -5.
-2
-5 + (11 + -15 - -4)
-5
-9 + (-3 + 0 - -5)
-7
Calculate -1 + (-21 - -20 - (0 - -4)).
-6
What is the value of (-15 - -12) + 1 + -2?
-4
-3 - (-5 + (-4 - (-5 - -2)))
3
Evaluate (2 - 5 - -1) + 10 + -7.
1
What is 42 + -45 + 1 + -5?
-7
What is the value of -2 + -2 - (0 - 2)?
-2
What is -3 + -2 - (-9 + 10)?
-6
Evaluate (-3 - (2 + -5)) + 8 + -4.
4
Calculate 19 + 0 + (9 + -9 - 8).
11
Evaluate 10 + (-12 - (11 + -14)).
1
What is the value of (-4 + 2 - (-5 - -7)) + 9?
5
(0 - 1) + (5 - (1 + 6))
-3
What is the value of 6 - (1 + (0 - -4)) - -8?
9
Calculate -2 + (-3 + 3 - -3).
1
What is the value of 1 + -2 + (13 - 7)?
5
What is 7 - ((-2 - -2) + 8 - 1)?
0
Evaluate -9 + 1 - (-55 - -43).
4
Evaluate -7 - -2 - ((-3 - 1) + -3).
2
Calculate 0 + -1 - (0 + 2 + -6).
3
Evaluate 3 + 7 + -2 + -4.
4
What is 0 - -6 - (20 + -18)?
4
What is -4 - (-11 + 6) - (0 + 1)?
0
Evaluate -1 + 11 + -9 - (0 - -1).
0
Evaluate (4 + -7 - -4) + -1 + 1.
1
What is 6 + -3 - (14 - 27 - -14)?
2
-8 - 7 - -10 - (-10 + 1)
4
What is the value of (-2 - 2) + 0 - (-2 + -5)?
3
Evaluate (7 - 4) + 1 + -8.
-4
Calculate -2 - (0 + 6 + 9 + -13).
-4
(-8 - (-6 - -3)) + 24 + -15
4
Calculate (-2 - -2) + 1 + (0 - -4).
5
Calculate -2 + (2 - 0) - 1.
-1
Evaluate 12 - 23 - -17 - -2.
8
Evaluate -2 - -7 - 7 - (0 - 0).
-2
Calculate 0 - (-3 - (7 + -5)).
5
32 + -34 + 0 + (-1 - 1)
-4
2 + 0 + -1 - (0 - -6)
-5
Evaluate -3 - (-4 + 2 - -5).
-6
Evaluate -5 + 3 + -6 - -12.
4
Evaluate -7 + 2 + 2 + 4.
1
What is the value of -6 + (9 - (-3 + 0 - -6))?
0
Evaluate -2 - (1 - (-7 - -1 - -4)).
-5
Calculate (-1 - -7) + -2 - (-2 - -3).
3
Evaluate 1 - 4 - (-1 - 6).
4
Calculate (-15 - -20) + -7 + 0.
-2
Calculate -8 - -1 - (-2 - -1 - 2).
-4
What is the value of -4 + -6 + 3 + 6?
-1
What is 8 + -3 + -11 + 0 + 0?
-6
Calculate 7 + (6 - 6) + -2.
5
What is 3 - (2 + -12 - -9)?
4
7 + -1 + -6 + 6
6
What is (7 - 10 - (1 + 2)) + 8?
2
What is -11 + 4 + -5 - -10?
-2
Calculate 7 + (-2 + 3 - (9 - -2)).
-3
What is the value of 8 + (-6 - -10) - 6?
6
Evaluate 1 + 5 + -3 + -3.
0
What is the value of 1 + 1 - (45 - 47)?
4
(1 - (1 - 0)) + (24 - 23)
1
0 - -2 - (2 - 2) - 5
-3
Evalua